e 9.
51373
Convert 50 (base 16) to base 7.
143
Convert -20025 (base 9) to base 10.
-13145
What is -65 (base 8) in base 12?
-45
-488b (base 15) to base 4
-3301013
What is -4782 (base 9) in base 11?
-2744
Convert 11100011 (base 2) to base 6.
1015
Convert 14944 (base 12) to base 13.
10276
Convert 7575 (base 9) to base 6.
41452
What is 196 (base 11) in base 15?
101
Convert 4434 (base 5) to base 7.
1543
Convert 1951 (base 12) to base 5.
44320
Convert -20554 (base 6) to base 16.
-af6
Convert -3032 (base 13) to base 11.
-4a8a
-2936 (base 15) to base 2
-10001001111010
What is 557 (base 12) in base 5?
11122
-1234 (base 6) to base 10
-310
What is 1967 (base 15) in base 5?
133442
Convert -404200 (base 5) to base 9.
-18810
What is 1232313 (base 4) in base 10?
7095
Convert -2503 (base 8) to base 11.
-1015
Convert 10010 (base 4) to base 11.
217
What is 244233 (base 6) in base 16?
54bd
-3120132 (base 4) to base 13
-63c9
-28a (base 11) to base 10
-340
-3420 (base 5) to base 3
-122222
Convert -3331 (base 4) to base 16.
-fd
Convert -3841 (base 14) to base 12.
-5855
-8b0 (base 12) to base 10
-1284
-111100011 (base 2) to base 3
-122220
Convert 7241 (base 11) to base 10.
9604
What is 157 (base 16) in base 2?
101010111
-22222011 (base 3) to base 7
-25030
d8 (base 16) to base 9
260
What is 11841 (base 11) in base 15?
5075
What is -d16b (base 14) in base 7?
-206564
-5116 (base 7) to base 14
-90d
What is -1101100010 (base 2) in base 13?
-518
1001201 (base 3) to base 6
3331
What is -101011000001011 (base 2) in base 12?
-108b7
-24404 (base 5) to base 16
-73e
What is 6534 (base 8) in base 7?
12654
What is -39599 (base 12) in base 5?
-10003342
Convert 8dc (base 14) to base 9.
2367
What is -212211 (base 3) in base 11?
-535
What is -5450 (base 7) in base 8?
-3632
What is 365 (base 9) in base 13?
1a3
-125735 (base 8) to base 5
-2401442
What is -201112 (base 4) in base 3?
-2221001
What is -10010110 (base 2) in base 11?
-127
Convert 10001101112 (base 3) to base 14.
17c62
-4328 (base 10) to base 9
-5838
501 (base 11) to base 4
21132
Convert 3134403 (base 5) to base 13.
1ab6a
-1000010001001010 (base 2) to base 4
-20101022
60759 (base 11) to base 9
144668
What is -457b (base 15) in base 6?
-152125
What is a1b4 (base 16) in base 12?
1bb58
What is -2210211 (base 3) in base 11?
-15a1
-6172 (base 8) to base 7
-12212
-8e (base 16) to base 14
-a2
Convert 4a6 (base 12) to base 10.
702
What is 2121 (base 4) in base 5?
1103
Convert -1002220 (base 3) to base 9.
-1086
Convert -20200 (base 3) to base 4.
-2310
Convert -12 (base 10) to base 16.
-c
-1834 (base 9) to base 14
-728
Convert -a962 (base 11) to base 13.
-677b
Convert 1100000 (base 2) to base 9.
116
11301212 (base 4) to base 14
8898
821 (base 9) to base 13
3c4
1bba1 (base 12) to base 3
2002212011
Convert -334 (base 9) to base 4.
-10102
What is -6811 (base 9) in base 2?
-1001110101000
Convert 5267 (base 12) to base 9.
13317
-1194 (base 14) to base 12
-193a
Convert -31607 (base 8) to base 13.
-6009
210043 (base 5) to base 2
1101011110010
What is 4001 (base 5) in base 6?
2153
Convert -5635 (base 8) to base 9.
-4063
What is 210220022 (base 3) in base 11?
10aa4
What is 2550 (base 12) in base 10?
4236
What is 1304 (base 11) in base 4?
122202
Convert 1012222 (base 4) to base 14.
1910
What is 2100111 (base 3) in base 11?
1319
13221020 (base 4) to base 6
400532
Convert 140036 (base 7) to base 11.
18955
What is -13321 (base 5) in base 12?
-766
Convert -15603 (base 7) to base 11.
-3352
Convert 44 (base 16) to base 12.
58
1202102012 (base 3) to base 12
18005
Convert -130350 (base 6) to base 14.
-4430
What is -2202210 (base 3) in base 4?
-133203
What is -1131200 (base 5) in base 4?
-11011000
-7ea (base 16) to base 9
-2701
Convert -4519 (base 10) to base 3.
-20012101
Convert -43a7 (base 13) to base 6.
-111400
12033 (base 6) to base 8
3325
Convert 1021012 (base 3) to base 11.
76a
13e2 (base 15) to base 11
3225
Convert -3443 (base 16) to base 10.
-13379
What is 3020 (base 5) in base 9?
467
What is 7187 (base 12) in base 6?
133051
Convert 5703 (base 8) to base 7.
11531
What is -234 (base 10) in base 8?
-352
What is -278 (base 16) in base 13?
-398
Convert -10775 (base 8) to base 4.
-1013331
What is -18c (base 14) in base 3?
-102212
1780 (base 10) to base 13
a6c
Convert -1040341 (base 6) to base 3.
-2122021221
527 (base 16) to base 7
3563
What is 10110 (base 3) in base 11?
85
Convert 0 (base 5) to base 16.
0
What is -11001000001000 (base 2) in base 13?
-5aa3
Convert 22101021 (base 3) to base 4.
1133131
Convert 211 (base 11) to base 4.
3332
21 (base 4) to base 15
9
1100210 (base 3) to base 2
1111100001
What is 382 (base 12) in base 2?
1000010010
Convert -1010 (base 2) to base 7.
-13
What is -1424240 (base 5) in base 14?
-acad
671 (base 16) to base 13
99b
Convert 3231 (base 5) to base 9.
540
366 (base 15) to base 6
3323
What is -1120000 (base 3) in base 14?
-5b0
What is -d6b5 (base 14) in base 6?
-443155
-403261 (base 7) to base 13
-25195
What is 14c59 (base 13) in base 8?
115033
Convert 11000001101 (base 2) to base 6.
11101
What is 7a22 (base 11) in base 4?
2210313
111302 (base 4) to base 9
1818
What is -a02 (base 11) in base 10?
-1212
1980 (base 13) to base 12
2266
Convert 53345 (base 8) to base 7.
121566
6032 (base 9) to base 3
20001002
What is -11235 (base 8) in base 16?
-129d
Convert 21656 (base 8) to base 14.
3486
Convert -cb8 (base 13) to base 3.
-2222201
What is -3a17 (base 11) in base 2?
-1010001100101
What is 6c (base 15) in base 10?
102
-3749 (base 10) to base 12
-2205
What is -2224 (base 5) in base 11?
-266
Convert 5dd (base 14) to base 15.
535
-577 (base 12) to base 16
-32b
What is 110012100 (base 3) in base 8?
21274
What is -24425 (base 11) in base 10?
-35117
15068 (base 9) to base 10
10268
Convert 1100011110111 (base 2) to base 15.
1d61
What is -12233 (base 4) in base 13?
-272
What is 1764 (base 12) in base 15?
c77
Convert 418 (base 14) to base 11.
673
Convert -31a (base 11) to base 10.
-384
-4607 (base 8) to base 10
-2439
Convert 7b71 (base 13) to base 9.
25685
3060 (base 9) to base 8
4301
Convert 96 (base 14) to base 12.
b0
What is 3345 (base 8) in base 7?
5101
Convert -5c17 (base 13) to base 4.
-3023221
-1073 (base 11) to base 6
-10311
What is -23514 (base 11) in base 2?
-1000010001100111
-17594 (base 12) to base 10
-33664
3235 (base 7) to base 16
481
Convert -a6c (base 13) to base 9.
-2387
Convert -280 (base 12) to base 3.
-112020
Convert 11404 (base 6) to base 4.
121330
-44713 (base 8) to base 14
-6c55
1740 (base 9) to base 11
1001
1001100101000 (base 2) to base 12
2a08
What is 2e0 (base 15) in base 11?
550
What is -25423 (base 6) in base 3?
-12020220
-98 (base 14) to base 16
-86
Convert 118 (base 11) to base 2.
10001100
4142 (base 5) to base 13
331
3a52 (base 13) to base 16
209c
What is -13533 (base 6) in base 7?
-6153
Convert 761 (base 8) to base 12.
355
3510 (base 7) to base 3
1202110
What is b830 (base 12) in base 8?
47344
23c (base 14) to base 16
1be
Convert -4203 (base 6) to base 10.
-939
Convert 12120 (base 6) to base 2.
11011110000
What is -2603 (base 9) in base 14?
-9d1
Convert 1100000001001100 (base 2) to base 14.
13d24
726 (base 13) to base 14
62b
Convert 1111 (base 9) to base 12.
584
100012212 (base 3) to base 15
1ece
What is 1120210222 (base 3) in base 9?
46728
-1267 (base 8) to base 12
-49b
233 (base 4) to base 16
2f
Convert -8c6 (base 13) to base 14.
-7a2
What is 9a4 (base 11) in base 7?
3336
Convert -10211021 (base 3) to base 10.
-2788
Convert -10001111100 (base 2) to base 12.
-7b8
-3b2 (base 12) to base 13
-347
What is 4941 (base 11) in base 7?
24554
168 (base 15) to base 11
274
What is 3375 (base 14) in base 6?
105151
What is 1275 (base 12) in base 16?
839
-11330010 (base 4) to base 9
-36326
Convert 2330110 (base 5) to base 8.
123042
What is 2240320 (base 5) in base 15?
bd25
-1231001 (base 4) to base 6
-52145
What is e22f (base 16) in base 12?
29613
Convert -a6 (base 16) to base 5.
-1131
101010100 (base 3) to base 12
4330
Convert 480 (base 11) to base 4.
20330
Convert 24a (base 14) to base 12.
322
Convert -4242 (base 14) to base 9.
-16605
What is -28b20 (base 12) in base 4?
-31321020
Convert -970 (base 12) to base 14.
-708
Convert 1617 (base 15) to base 11.
3626
1b3 (base 16) to base 3
121010
What is 14155 (base 